 be s(-5). Calculate the greatest common divisor of y and 6.
6
Let h be -3 + (3 + -2 - -30). Let j(a) = 2*a**3 - 4*a**2 + 2*a - 20. Let m be j(5). What is the greatest common divisor of m and h?
28
Suppose -6*w = -4*w + 14. Let i be w/(-1)*(-4)/(-14). What is the highest common divisor of i and 9?
1
Let f = -603 - -648. Calculate the greatest common divisor of f and 405.
45
Let q be -1 + -2 - (-90)/18. Suppose 4*c - 44 = -4*h, -q*c + 3*c - 35 = 5*h. Let k = 76 - 16. Calculate the greatest common factor of k and c.
15
Let l(f) = 4*f**2 - 3. Let d be l(-6). Let w = -54 + d. Calculate the greatest common factor of 58 and w.
29
Let v(g) = -2*g**2 + 1. Let w be v(-1). Let h be (3/3 + -12)*w. Let n = -4 - -5. Calculate the highest common divisor of n and h.
1
Suppose 5*n - 3*h = 30, 5*n - 28 = h + 2. Calculate the highest common divisor of n and 102.
6
Suppose 0 = -4*p + 5*k + 26, 1 - 11 = -5*k. Calculate the highest common divisor of 18 and p.
9
Suppose z = -2*q + 9, -3*q - 3 = 4*z - 14. Let w = q - -1. Calculate the greatest common factor of 66 and w.
6
Suppose -7*b + 1124 = -6*b - 2*y, b + y = 1130. Calculate the greatest common factor of 8 and b.
8
Let d be 8/6 + (-5)/(-30)*-2. What is the greatest common divisor of 1 and d?
1
Let i(v) = 3*v**2 + 20*v + 33. Let t be i(-11). Calculate the highest common divisor of 110 and t.
22
Let r = 216 + -186. Calculate the greatest common factor of r and 30.
30
Let n(m) = 2*m + 11. Let h be n(9). Let l be 228 + (-20)/15*(-6)/2. What is the highest common factor of h and l?
29
Let y = 13 + -17. Let b = 5 + y. Let h be (2 + -3)/(b/(-16)). What is the greatest common factor of 24 and h?
8
Let m be (-477)/(-15) + (64/20 - 4). Suppose -2*u + 2*t + 500 = 0, 5*u - 1161 = -4*t + 71. Calculate the highest common factor of m and u.
31
Let h(g) = -g + 84. Let a be h(47). What is the greatest common divisor of a and 407?
37
Let p(j) = -j**3 + 9*j**2 + j - 20. Let u be p(6). Suppose 0 = u*w - 96*w + 98. Calculate the greatest common divisor of 196 and w.
49
Let m(c) = c + 7. Let s be m(-5). Suppose s*d = 4*k + 68, -4*k = -4 - 8. Suppose -11 = 6*x - 107. Calculate the highest common factor of d and x.
8
Let q(b) be the first derivative of 5*b**4/4 + b**2 - b - 4. Let d be q(1). What is the greatest common divisor of d and 12?
6
Suppose -121 = 7*q - 317. Suppose 3*j = -4*j + q. Calculate the highest common factor of 20 and j.
4
Let c be ((-3)/(-2))/(4/328). Suppose 5*o + 9 + 138 = w, w = -3*o + c. Let h(m) = -m + 12. Let x be h(0). What is the greatest common factor of w and x?
12
Suppose 166*w = 169*w - 150. Calculate the highest common divisor of w and 4.
2
Let j(w) = w**2 - 22*w + 40. Let z be j(20). Suppose -4*h + 40 = -z*h. What is the greatest common factor of 20 and h?
10
Let u(g) = -g**3 + 10*g**2 + 13*g + 2. Let j = -10 + 21. Let y be u(j). Calculate the highest common factor of y and 3.
3
Let g(o) = o**2 + 4*o - 10. Let v be g(-8). Let d be (32 - -1)*(-10)/(-15). What is the greatest common divisor of v and d?
22
Suppose 2*d - x = 16, -82*x = -2*d - 77*x. Suppose -5*t + 260 = 3*u, -5*t - 93 = 5*u - 513. Calculate the highest common factor of u and d.
10
Let q(t) = 98*t - 284. Let g be q(4). What is the greatest common divisor of 567 and g?
27
Let u(h) = -h**3 - 8*h**2 - 7*h + 7. Let s be u(-7). Suppose -5*f - 272 = -s*f. Calculate the greatest common divisor of 17 and f.
17
Suppose 70*b - 5638 = 9552. What is the highest common divisor of 7 and b?
7
Let h = 543 - 136. Let v = -1359 - -1396. Calculate the highest common factor of v and h.
37
Suppose 2*k = -4*p + 16, p = -3*k - 0 + 4. Let q be (-9)/(-6) + 290/p. Let r be q/10 - (-12)/20. What is the highest common factor of r and 1?
1
Let h(d) = -14*d + 4. Let t be h(-1). Let z(r) = 32*r + 3. Let s be z(3). Calculate the highest common divisor of t and s.
9
Suppose 7 = 2*u + 3*l - 25, -5*u + 46 = -l. Calculate the greatest common factor of u and 1130.
10
Let z(l) = l**3 + 7*l**2 - l. Let q be z(-7). Let t = 545 - 475. What is the highest common divisor of t and q?
7
Suppose -3*y = -y - 3*u - 19, 4*y - 2*u = 26. Suppose -3*z - 8 = -4*d, d - y*d + 5*z = 0. Calculate the highest common divisor of 5 and d.
5
Let v = 494 + -252. Suppose 0*r - 2*r + 10 = 0. Suppose -3*u + 82 = 4*w, 15 = -r*w - 2*u + 121. What is the highest common divisor of v and w?
22
Let b = 18 - 9. Suppose 5*u - 4*c + 38 = 0, 2*u + 3*c - 12 = 3*u. Let q(z) = 2*z**2 + 8*z + 12. Let p be q(u). What is the greatest common factor of p and b?
9
Let v be ((-1)/(-2))/((-9)/270). Let b = v + 22. What is the highest common divisor of b and 56?
7
Let j be (2 + -1 - 4) + 9. What is the highest common divisor of 16 and j?
2
Let d be (-1)/(-3) - (-460)/15. Suppose 5*w - 15 = 0, -3*i + 14 = 3*w - d. Suppose 30*z - 34*z = -192. Calculate the highest common divisor of i and z.
12
Suppose 0 = 4*s + 15 - 143. Calculate the highest common divisor of s and 384.
32
Let l = -10 + 8. Let f be l + 5/(-3)*-3. Let m be f + 0 - (1 + -5). Calculate the highest common factor of 49 and m.
7
Suppose -31*p + 87274 = 27289. Calculate the greatest common divisor of 45 and p.
45
Let a(o) = -o**2 + 1. Let s be a(0). Let q be (s + -15)*(-7)/(-14). Let x = 27 + q. What is the highest common divisor of x and 140?
20
Suppose -16*a - 9920 = -36*a. Calculate the highest common factor of a and 124.
124
Let j = -313 + 361. Calculate the highest common divisor of j and 6.
6
Suppose -5*a = -3*a - 8. Suppose -u + 30 = a*u. Let w be 64/u + (-7)/(-21). Calculate the greatest common factor of w and 44.
11
Let d be (10 - 738)/(-8)*1. What is the greatest common factor of 26 and d?
13
Let d be (2 - (3 - -1))/(86/(-1849)). What is the greatest common divisor of 301 and d?
43
Let y(h) = -3*h - 17. Let w be y(-5). Let f(g) = g**2 + 3*g + 3. Let k be f(w). What is the highest common factor of 11 and k?
1
Suppose -5388 = -4*c - 4*b, 39*c - 4017 = 36*c + 5*b. What is the highest common divisor of 63 and c?
21
Suppose 0 = f - 0*f + 44. Let b = -25 - f. Suppose b + 13 = 4*z - 3*r, 4*r - 27 = -z. What is the highest common factor of z and 11?
11
Suppose -2*s + 5*s = 0. Suppose s = 34*f - 26*f - 208. Let p = 13 - -13. What is the highest common divisor of f and p?
26
Suppose -6*f - 119 = f. Let j be 6/12 + f/(-2). What is the highest common factor of 72 and j?
9
Let n be (-3)/15 - 1328/(-40). Let f(o) = -5*o - 4. Let u be f(-3). Calculate the highest common divisor of n and u.
11
Suppose -u - m = -9, 14 = 4*u + 3*m - 18. Let h = 0 - -1. Suppose h = -4*a + u. What is the greatest common factor of a and 1?
1
Let s = 62 + 67. Let x = -120 + s. Calculate the highest common factor of x and 117.
9
Let u(h) = 14*h**3 - 14*h**2 + 4*h - 6. Let k be u(2). Calculate the greatest common divisor of k and 522.
58
Let c be (-1 - -7)/((-3)/3). Let x be c/(((-1)/40)/1). Suppose -5*v = -o - 2*v + 24, 3*o - 80 = 5*v. What is the highest common factor of o and x?
30
Suppose 30 = 3*a - 4*d, -5*d - 2 + 17 = 0. Suppose 10*q + a = 11*q. What is the greatest common divisor of 7 and q?
7
Let t(d) = -8*d**2 + 25*d + 2. Let y be t(3). What is the greatest common factor of y and 365?
5
Suppose -7 = u - 11. Let f be (-86)/(-6) - (u/6)/2. What is the greatest common divisor of f and 56?
14
Let o = -45 + 117. Suppose 0 = x - 0*x - o. Suppose -5*s = -8*s + x. What is the highest common factor of s and 3?
3
Let n = -33 - -46. Let r(u) = 4*u - 11. Let l be r(-13). Let i = 2 - l. Calculate the greatest common divisor of n and i.
13
Let y be (-4 - -9) + 3/1. Calculate the highest common divisor of y and 8.
8
Suppose -4*t = 26 + 2. Let d be t/((-28)/8) - -131. Suppose 0 = -2*b + d - 13. Calculate the greatest common factor of b and 15.
15
Suppose -2*s + 248 = 5*i, -3*s - 2*i = i - 372. Let d be 8/(-12)*-93*6/12. What is the highest common divisor of s and d?
31
Let g be 16/12 - (-680)/30. Calculate the highest common divisor of g and 392.
8
Let u be (1266/7)/6 + (-3)/21. What is the greatest common factor of 105 and u?
15
Let m(r) = -3 + 1 + 3 + 7*r. Let l be m(2). Suppose 5*g - 3 + 33 = 2*z, 2*z - 4*g = 30. Calculate the greatest common divisor of z and l.
15
Suppose 4*z - 10 = r + 25, -5*r - 7 = z. Suppose 0 = 4*c + 2*x + 306, -5*x - 119 + 432 = -4*c. Let j = -13 - c. What is the highest com